{"id":517,"date":"2017-11-27T15:21:05","date_gmt":"2017-11-27T14:21:05","guid":{"rendered":"http:\/\/www.neuvysurleschemins.fr\/?page_id=517"},"modified":"2021-06-23T14:15:35","modified_gmt":"2021-06-23T12:15:35","slug":"mentions-legales","status":"publish","type":"page","link":"https:\/\/www.neuvysurleschemins.fr\/index.php\/mentions-legales\/","title":{"rendered":"Mentions L\u00e9gales"},"content":{"rendered":"<p>Association \u00ab\u00a0Neuvy sur les chemins de Saint Jacques\u00a0\u00bb &#8211; 1 place Cl\u00e9menceau &#8211; 36230 Neuvy Saint S\u00e9pulchre<\/p>\n<p>Contact association: Johanna Camp (Pr\u00e9sidente) &#8211; contact@neuvysurleschemins.fr<\/p>\n<p>Contact site Internet: Adrien Camp &#8211; Big Berry &#8211; a.camp@bigberry.fr<\/p>\n<p>Site h\u00e9berg\u00e9 chez OVH &#8211; Asni\u00e8res sur Seine &#8211; France<\/p>\n<p>L&rsquo;association fait son possible pour s&rsquo;assurer de la v\u00e9racit\u00e9 des informations diffus\u00e9es par d&rsquo;\u00e9ventuelles sources externes sur ce site, mais ne saurait se porter responsable du contenu produit par d&rsquo;autres partenaires ou intervenants et mentionn\u00e9s sur neuvysurleschemins.fr.<\/p>\n<p>Association soumise \u00e0 la loi du 1er juillet 1905 et du d\u00e9cret du 16 ao\u00fbt 1905\u00a0enregistr\u00e9 \u00e0 la Sous-Pr\u00e9fecture de la Ch\u00e2tre\u00a0sous le n\u00b0 W363001053<\/p>\n<p>&nbsp;<\/p>\n","protected":false},"excerpt":{"rendered":"<p>Association \u00ab\u00a0Neuvy sur les chemins de Saint Jacques\u00a0\u00bb &#8211; 1 place Cl\u00e9menceau &#8211; 36230 Neuvy Saint S\u00e9pulchre Contact association: Johanna Camp (Pr\u00e9sidente) &#8211; contact@neuvysurleschemins.fr Contact site Internet: Adrien Camp &#8211; Big Berry &#8211; a.camp@bigberry.fr Site h\u00e9berg\u00e9 chez OVH &#8211; Asni\u00e8res sur Seine &#8211; France L&rsquo;association fait son possible pour s&rsquo;assurer de la v\u00e9racit\u00e9 des informations [&hellip;]<\/p>\n","protected":false},"author":1,"featured_media":0,"parent":0,"menu_order":0,"comment_status":"closed","ping_status":"closed","template":"","meta":{"jetpack_post_was_ever_published":false,"footnotes":""},"jetpack_sharing_enabled":true,"jetpack_shortlink":"https:\/\/wp.me\/P9e7pe-8l","jetpack_likes_enabled":true,"jetpack-related-posts":[],"_links":{"self":[{"href":"https:\/\/www.neuvysurleschemins.fr\/index.php\/wp-json\/wp\/v2\/pages\/517"}],"collection":[{"href":"https:\/\/www.neuvysurleschemins.fr\/index.php\/wp-json\/wp\/v2\/pages"}],"about":[{"href":"https:\/\/www.neuvysurleschemins.fr\/index.php\/wp-json\/wp\/v2\/types\/page"}],"author":[{"embeddable":true,"href":"https:\/\/www.neuvysurleschemins.fr\/index.php\/wp-json\/wp\/v2\/users\/1"}],"replies":[{"embeddable":true,"href":"https:\/\/www.neuvysurleschemins.fr\/index.php\/wp-json\/wp\/v2\/comments?post=517"}],"version-history":[{"count":0,"href":"https:\/\/www.neuvysurleschemins.fr\/index.php\/wp-json\/wp\/v2\/pages\/517\/revisions"}],"wp:attachment":[{"href":"https:\/\/www.neuvysurleschemins.fr\/index.php\/wp-json\/wp\/v2\/media?parent=517"}],"curies":[{"name":"wp","href":"https:\/\/api.w.org\/{rel}","templated":true}]}}